(y) be the first derivative of -y**3/3 + 2*y**2 + 8*y - 1482. Give k(u).
8
Let q(p) = -5*p**2 - 4*p - 3. Let h(a) = 2*a**2 + 4*a - 65. Let b be h(5). Let o be 56/(-16)*2 + b. What is q(o)?
-15
Let h(z) = z**3 - 4*z**2 + 3*z - 5. Let x be (-309)/(-45) + (-10)/(-75). Suppose k - x = -4*m + 7, 0 = -4*m - 2*k + 12. Give h(m).
7
Let a(f) = f**3 + 8*f**2 - 2*f - 8. Let l(z) = -z**3 + z**2 + 2*z + 2. Let g be l(2). Suppose -g*k - k = -24. Suppose k*t = 5*t - 24. What is a(t)?
8
Let n = -2623 + 2606. Let d(z) = 9*z + 156. Give d(n).
3
Let d(v) be the first derivative of -2*v**2 + 193*v - 321. What is d(46)?
9
Let n(w) = 13*w**2 + 29*w - 13. Let g(q) = -3*q**2 - 7*q + 3. Let k(a) = -9*g(a) - 2*n(a). Suppose 0 = 2*x - 5*x - 21 + 9. Calculate k(x).
-5
Let x(f) = 8*f + 5*f**2 + 8 - 2 + 0*f**3 - 7*f + f**3. Suppose -95*l - 32*l + 13*l - 570 = 0. Calculate x(l).
1
Let a = -12008 - -12006. Let j(w) = 0 - 2*w - 5*w**2 + 2*w**2 - 11 + 7. Give j(a).
-12
Let y(m) = 1352*m + 0 - 675*m + 1 - 676*m - 2. Suppose 2*x = -2*b, -3*b + 0 = x - 4. Give y(b).
1
Let l = 183 - 181. Let z(m) = -1. Let v(t) = t + 1. Let s(c) = l*v(c) + z(c). Determine s(4).
9
Let f(l) be the third derivative of -23*l**4/24 - 5*l**3/6 - 2095*l**2. Calculate f(1).
-28
Suppose -19 = -0*g - 2*g + 3. Let r(j) be the first derivative of -j**4/4 + 4*j**3 - 9*j**2/2 + 4*j + 4. Determine r(g).
26
Suppose -3*b + 5*y - 1521 = 6*y, 2*y - 507 = b. Let i = -504 - b. Let n(d) = -3*d**2 + 4*d + 1. What is n(i)?
-14
Let n(k) = k**3 + 16*k**2 - 55*k + 42. Let q(g) = g**3 + 20*g**2 + 9*g + 161. Let w be q(-20). What is n(w)?
4
Let q = 141 - 111. Suppose 4*c = -6*d + 3*d - q, 2*c - 2*d = -22. Let u(b) = b + 1. Give u(c).
-8
Suppose -13 = 10*i + 17. Let n(u) = 18 - u**3 - 3*u**2 - 53 + 20 + 13 - u. Give n(i).
1
Let o(c) = -5*c**3 - 2*c**2 - 2*c + 6. Let m be 1*(-1 + -5)/6*7. Let a(y) = 9*y**3 + 4*y**2 + 4*y - 11. Let p(w) = m*o(w) - 4*a(w). Calculate p(-3).
17
Suppose -9*w - 4*w + 91 = 0. Let b(v) = 0*v**2 + 38 - 34 + 2*v**2 + 6*v - 3*v**2. Give b(w).
-3
Let t be 4 + ((-12)/(-4) - 1). Let l be (t/5)/(6/(-15)). Let c(j) = j - 4. Let k(r) = r - 5. Let g(m) = -5*c(m) + 4*k(m). Give g(l).
3
Let u(t) = -t**2 + 6*t + 10. Suppose 0 = 5*f - 2*n + 3, 0 = 2*n + 3*n + 5. Let d be f*1*(-6 + 7)*-3. Let v be d/((-6)/(-4)) + (21 - 16). Give u(v).
3
Let c = 38 + -25. Let z(s) = 3*s**2 + 7*s - 4. Let m be z(-3). Let d(j) = 23*j**2 + 19*j**m + 10*j**2 - 16*j + 2*j - j**3 - 38*j**2 + 16. What is d(c)?
3
Let t(n) = -8*n**2 + 4*n + 1. Suppose 2*u + 36 = 4*m, -13*m + 18*m = -3*u + 1. Let r(g) = 23*g**2 - 11*g - 3. Let y(q) = u*t(q) - 3*r(q). Calculate y(2).
-17
Let n be (-238)/(-22) + 6/33. Let u(h) = -4*h + 10 + 5 - 5*h + n*h. Calculate u(-11).
-7
Let y(l) be the first derivative of -l**4/12 - 13*l**3/6 + 23*l**2/2 + 144*l + 183. Let t(r) be the first derivative of y(r). Calculate t(-15).
-7
Let o(h) = -6*h - 29 + 51 + 33*h - 104 - 112. Calculate o(7).
-5
Suppose 10*m = -15*m - 6*m - 248. Let i(c) = 2*c**3 + 18*c**2 + 6*c - 17. Calculate i(m).
63
Let t(n) = 214*n**2 - 448*n**2 + 173*n**2. Determine t(1).
-61
Let x(m) = 11*m**2 - 55*m. Let j be (-135)/(-30) + (-3)/(-6). What is x(j)?
0
Suppose 0*s - 11*s = -110. Let v(w) = -6 - 2*w**2 + w**2 + 3 - s*w + 15*w. Calculate v(3).
3
Let v(z) = z**2 - 5*z**2 - z**3 + 3*z**2. Suppose 4*f - 18 - 30 = -2*y, -5*f + 61 = 3*y. Suppose -17 = f*s - 6. Give v(s).
0
Let l(s) = -2 + 16 - 14478*s - s**2 + 14463*s. Let n = 40 - 55. Give l(n).
14
Let s(j) = -j**3 + 5*j**2 + 5*j - 1. Let f(b) = b**2 - 158*b + 3437. Let h be f(132). Determine s(h).
24
Let r(h) = 2*h**3 - 3*h**2 - h + 3. Let o be (-2 - 0)*(1 + 3 + (0 - 3)). What is r(o)?
-23
Suppose -15*v = -473 - 1627. Let u(y) = 0 + 1 + 8*y**2 + v*y - 139*y + 7*y**2 + 1 - y**3. Determine u(15).
17
Let j be (9/(-5) + 1)*-5. Let d(b) = 492*b - 86*b**2 + 255*b**2 - 87*b**2 - 495*b - 1 - 81*b**2. Give d(j).
3
Let p(h) = 2462*h - 4964*h - 6 + 2464*h. What is p(-3)?
108
Let v(d) = 63*d + 196. Suppose -2*p - 23*f + 18*f + 24 = 0, -5*p - 3 = 2*f. Calculate v(p).
7
Let c(i) = i**3 + 5*i + 24160 - 24151 + 0*i**2 - 8*i**2. Suppose 3*p + 2 - 18 = -4*l, 2*l = -5*p - 6. Calculate c(l).
-5
Let s = -59 - -65. Suppose 6*b - 18 = -s. Let t(j) = 6 - 9 - j + b*j**2 + j**3 + 4. Calculate t(-3).
-5
Let x(f) = 2*f - 2. Suppose 237 = 39*r - 36*r. Let q = 81 - r. Give x(q).
2
Let k = 62 + -69. Let w(f) = 34 + 5*f**2 - 27*f + 7 - f. Let z(u) = u**2 - 7*u + 10. Let o(p) = 2*w(p) - 9*z(p). Give o(k).
-8
Let j = 522 - 502. Suppose -j*x + 43*x = -69. Let l(g) = g**3 + 2*g**2 - 2*g - 2. What is l(x)?
-5
Suppose 13*i - 54 = 11. Suppose -4*m - b = -i*m + 4, 4*b = -8. Let x(j) = -3*j + 4. Give x(m).
-2
Let r(c) = 38*c - 375. Let j = 30608 - 30598. What is r(j)?
5
Let j = 5088 + -5073. Let d(m) = m**3 - 15*m**2 + 18. What is d(j)?
18
Let i = 53 - 2. Let d = i + -43. Let j(r) = 3 + 7*r + 2 - 6 - d*r. Determine j(-9).
8
Let l(t) = t - 12. Let y be l(14). Let j(z) = -y*z - 22 - z + 0*z + 3. Calculate j(-9).
8
Let y(k) = -k**2 - 11*k + 8. Let d(z) = -2*z**2 - 10*z + 6. Let w(g) = -2*d(g) + 3*y(g). Let l be w(12). Let o(s) = 4*s - 7. Determine o(l).
-7
Let h be (11 + -7)*(-9)/12*2. Let j(a) = -a**2 + 5*a + 3 + 0 + 4 - 11*a. Give j(h).
7
Let z(u) = 2*u - 3. Let l be 22/2*(-9)/9. Let i be (-104)/(-14) - ((-220)/(-35))/l. What is z(i)?
13
Let x be 224/20 + (-2)/10. Let u(v) = -x*v + 4*v - 1 + 6*v - 3. Let j(q) = -q**2 - 9*q - 2. Let d be j(-9). Give u(d).
-2
Let a(u) be the second derivative of -u**4/12 + 4*u**3/3 - 7*u**2 - 1886*u. What is a(8)?
-14
Let s(y) = 20*y**2 + 2*y + 1. Suppose -13*c = 697 + 1474. Let h = 166 + c. What is s(h)?
19
Let g(t) = -3 + t**2 - 4 + 242378*t - 242352*t. What is g(-27)?
20
Let o(c) = -6 + 4 + c - 3*c. Let u(k) = 8*k**2 + 3*k + 2. Let m be u(-1). Suppose l + m = 9. Give o(l).
-6
Let i(r) = 3*r**2 + 6*r - 7. Let y be (-15)/2*(-25 + (-2079)/(-81)). Give i(y).
38
Let x(p) be the third derivative of 1/3*p**3 + 0*p + 1/120*p**6 + 0 - 1/6*p**4 - 34*p**2 + 1/12*p**5. Calculate x(-6).
-10
Let h(s) be the second derivative of -1/3*s**3 + 1/24*s**4 + 0 + 1/60*s**5 + 18*s - 3*s**2. Let l(p) be the first derivative of h(p). What is l(-3)?
4
Let s(y) = -y - 8. Let k(h) = -h - 1. Let w(z) = z**2 + 4*z + 3. Let t be w(-2). Let m(p) = t*s(p) + 2*k(p). Suppose 0 = 49*a + 434*a - 111*a - 1860. Give m(a).
1
Let q be 3 + 0/(-3) - -244. Suppose 11*j + 9 = 31. Let r(o) = q*o + 2 - 244*o + j. Give r(-7).
-17
Let q = -45 + 45. Suppose -3*v + 26 + 7 = q. Let k(j) = j**3 - 12*j**2 + 11*j - 7. Determine k(v).
-7
Let f be -20 + (9/(-9) - 0). Let r be 2/(-8)*(-24)/(f/7). Let u(p) = -5*p - 6. Calculate u(r).
4
Let p = -69 + 73. Let o be -18*(-3 - 6/(-9)*p). Suppose -o = 2*i - 18. Let h(c) = c - 1. What is h(i)?
5
Let b(o) = -2*o**3 + o + 5. Let x(k) = 5*k**3 + 5*k**2 - 5*k - 17. Let l(i) = -2*b(i) - x(i). Calculate l(-5).
-8
Let q(z) = -z**3 + 4*z**2 + 52*z - 4. Suppose -j = -5*r + 16, 5*j - 3*r + 2*r = -32. What is q(j)?
44
Let h(b) = b**3 + 3*b**2 + b - 1. Let p be (14 - -4)/(6/9 + 0). Let k = 44 - p. Suppose -11*z + k = 39. Calculate h(z).
1
Let j(w) = 3*w + 42. Let d be j(-14). Suppose d = 11*k - 9*k + 6. Let n(z) = 17*z + 9. Let y(s) = -8*s - 4. Let i(c) = 6*n(c) + 13*y(c). Give i(k).
8
Suppose -6*u = 4*l + 6, -38*l = -37*l + 4*u + 4. Let n(t) = 8*t + 11. Give n(l).
11
Let z(d) be the second derivative of d**3/3 + 3*d**2/2 + 22*d. Let m(t) = -16*t - 359. Let i be m(-23). Give z(i).
21
Let x = 46597/2 + -23298. Let h(i) be the first derivative of 2*i + 17 - x*i**2. Give h(5).
-3
Let a(b) be the first derivative of -b**4/4 + 8*b**3/3 + 7*b**2/2 + 10*b - 35. Let q be -18*-1*1/(5 + -3). What is a(q)?
-8
Let v(q) = 67*q**2 + 5713*q - 5 - 3 - 42*q**2 - 6 - q**3 - 5733*q. Determine v(24).
82
Let r(t) be the first derivative of -t**3/3 + t**2/2 + 8. Let a = 235 + -241. Let u(f) = f**3 + 8*f**2 + 11*f - 6. Let q be u(a). Give r(q).
0
Let p(g) be the third derivative of -g**5/60 - 4*g**4/3 + 33*g**3/2 + 816*g**2 + g. Calculate p(-35).
-6
Let s(d) = 11*d - 115. Let a be 10 + (-12 - 144/(-12)). What is s(a)?
-5
Let r = 1873 - 341. Let n = 1529 - r. Let i(y) be the first derivative of -5*y**2 - y - 1. Determine i(n).
29
Let l = 86 + -42. Let f = -40 + l. Suppose 5*q + 14 = -f*s, 0 = -0*s - 4*s + 16.